hat are the prime factors of n?
2, 7
Suppose -2 = -3*u + 4. Suppose -2*z = u*z + 12. What are the prime factors of ((-1)/3)/(z/63)?
7
Suppose 2*k + 15 = -3*k. Let l = -3 - k. Suppose 21 = 3*m - 3*s + 3, 2*m - 5*s - 21 = l. List the prime factors of m.
3
List the prime factors of 3/(-3)*31*-1.
31
Let w(i) = -2*i. Let a(l) = -l**3 - 2*l**2 + 2*l - 4. Let h be a(-3). Let g be w(h). Suppose g*m - 6*m = -48. What are the prime factors of m?
2, 3
Let g be 0/(3*2/6). List the prime factors of 3*((-8)/(-3) - g).
2
Let a = 4 + -2. Let f be 23*1/a*-2. Let k = -13 - f. What are the prime factors of k?
2, 5
Let d(i) = i**3 - 4*i**2 - 3*i - 1. What are the prime factors of d(7)?
5
Let z(l) = -3 - l**3 + 7 + 4*l + 0*l**3. List the prime factors of z(-3).
19
Suppose -3*f + 0*f + 6 = 0. Suppose f*s + m + m = 18, 27 = 4*s + m. List the prime factors of s.
2, 3
List the prime factors of (-232)/(-5) - (-34)/(-85).
2, 23
Let z = 457 + -314. List the prime factors of z.
11, 13
Suppose 0 = s - 3*w + 1 - 4, 0 = 4*s + w + 14. List the prime factors of (2 - 1)/(s/(-129)).
43
Suppose 0 = -3*u + 12 - 3. Suppose -4*v = -5*f + 4 + 1, u*v = 15. List the prime factors of f.
5
Let y = 5 + -15. Let l(t) = -t**2 - 9*t - 1. Let v be l(y). Let z = 20 + v. What are the prime factors of z?
3
Suppose 4*m + 1 = 13. Let s(h) = -h**2 - 2. Let x be s(m). Let n = 24 + x. What are the prime factors of n?
13
Suppose -5*t - k = -120, 2*k - 24 = 2*t - 72. Suppose -b = b - t. What are the prime factors of b?
2, 3
Suppose 4*k + 68 = 28. Let d be 2/k - 18/(-15). List the prime factors of 7 + (d - 2)*1.
2, 3
List the prime factors of 9/12 + (2 - (-195)/12).
19
Suppose -5*i + 4*a + 333 = 0, -3*i + 227 - 26 = -3*a. Let j = i + -27. List the prime factors of j.
2, 19
Let t = 31 - -40. Suppose 4*s - x = 70, 5*x = 5*s - 9 - t. What are the prime factors of s?
2, 3
Suppose 2*k - 165 = -3*k. List the prime factors of k/4 - 1/4.
2
Let n(t) = t**3 - 3*t**2 - 4*t - 11. What are the prime factors of n(5)?
19
Let g be (-1)/(0 - (-4)/8). List the prime factors of (-88)/g + (3 - 4).
43
Suppose 0 = -5*v + 3*g + 1880, -v - g = -3*v + 751. List the prime factors of v.
373
Suppose 0*r + 4*r = -h + 82, 57 = h - r. Suppose 0 = 3*c - 5*s - 109, 2*c + 0*s + 2*s - h = 0. What are the prime factors of c?
3, 11
Let m be (-2)/(-5) + 6/(-15). Suppose 0 = l + 2*q + 5, m*q - 2*q = 5*l + 33. Let o = -2 - l. List the prime factors of o.
5
Let i be (-2 + 0)*6/(-12). Suppose -2*d = -i - 1. Let x(y) = 10*y**3 + 2*y**2 - 2*y + 1. What are the prime factors of x(d)?
11
Let x = -5 - -15. What are the prime factors of x?
2, 5
Let i(h) = 6*h + 49. What are the prime factors of i(-5)?
19
Let z = 16 + 77. Let a = -58 + z. What are the prime factors of a?
5, 7
Let n(c) = c + 15. Let u be n(-9). Let m = 6 - 3. Suppose -x = 3*j - 4 - 14, -m*x = j - u. List the prime factors of j.
2, 3
Let q(l) = -l + 4. Let b be q(0). List the prime factors of ((-132)/15)/(b/(-10)).
2, 11
Suppose -4*d + 1650 = -3*a - 369, 0 = -2*a + 3*d - 1346. Let h = a + 461. List the prime factors of (-2)/(-9) - h/18.
2, 3
Let q be (-32)/(-5) + 2/(-5). Suppose 0 = 2*b - 2*z + 18, b + 24 = -z + 5*z. List the prime factors of b/q*(-12 + 0).
2
Let c = -15 + 44. What are the prime factors of c?
29
Let x(l) = -7*l**2 - l - 1. Let y be x(-1). Let h = 0 - y. List the prime factors of (10/6)/(h/42).
2, 5
Let x = -9 - -11. Suppose -4*o = 5*r - 32, -50 = -5*r + x*o + 3*o. List the prime factors of r.
2
Suppose -5*s - 1 = -4*s. Let f(u) = -9*u**3 + u**2 - 3*u - 2. Let v(p) = 9*p**3 - 2*p**2 + 4*p + 3. Let w(i) = 4*f(i) + 3*v(i). List the prime factors of w(s).
2
Suppose -2*l = 1 - 17. List the prime factors of l.
2
Let w be 80/12*(-3)/(-2). Suppose -q + w = 1. What are the prime factors of q?
3
Suppose 6 = 4*v - 2. List the prime factors of v.
2
Let f = 50 - 19. What are the prime factors of f?
31
Suppose 0 = -8*n + 19 + 37. What are the prime factors of n?
7
Suppose 6*f - 10*f + 168 = 0. List the prime factors of f.
2, 3, 7
Suppose -6 - 4 = 5*r. Suppose 6 = -5*b + 1. List the prime factors of 18 - (1 + (b - r)).
2
Let p(h) = -2*h**2 - h - 5. Let k(y) = -1. Let q(n) = 6*k(n) - p(n). Let m be q(1). Let j(v) = 2*v**3 - v**2 + 2*v - 2. What are the prime factors of j(m)?
2, 7
Suppose -3*o - 31 = -g, -4*o + 206 = 5*g - 2*o. What are the prime factors of g?
2, 5
Let x(d) = d - 8. Let h be x(8). Suppose h = 2*q + q - 45. What are the prime factors of q?
3, 5
Let z = 12 + -6. Suppose -5*f + 2*q - 7*q + 60 = 0, z = f - 5*q. What are the prime factors of f?
11
Let x(g) = g**2 - 4*g - 5. Let k be x(5). Let b be 2 + k*1/(-2). Suppose 3*p - 35 = -3*h + b*p, -p = -5*h + 53. List the prime factors of h.
11
Suppose 6*h - h + 4*v = 128, 0 = -3*h + 5*v + 99. Suppose 2*b - 24 = 2*x - x, -4*b = 3*x - h. Suppose -2*u + 2 + b = 0. List the prime factors of u.
2, 3
Suppose 0 = -a + 4*x - 1, -5*a = x - 16 - 21. Suppose -a*v + 3*v = 4. What are the prime factors of 10/1 + (1 - v)?
2, 3
Suppose -3*l - 3*b - 314 = 2*l, 0 = 4*l - 3*b + 262. Let n = 89 + l. What are the prime factors of n?
5
Suppose 2*s = -5*q + 24, -2*s + 2*q = 6 - 2. Let t = -5 + s. Let u(b) = -b**2 - 6*b - 4. What are the prime factors of u(t)?
5
Suppose 0 = 13*a - 17*a + 424. List the prime factors of a.
2, 53
What are the prime factors of 2/(-8) - (-337)/4?
2, 3, 7
Suppose -3*g - 1 - 2 = 0, -g = 4*v + 13. Let x = 20 + v. List the prime factors of x.
17
Suppose 28 = 2*r - 92. Let u = r + -30. Suppose -b = -3*b + u. What are the prime factors of b?
3, 5
What are the prime factors of -9 - -7 - (288/(-2) + -1)?
11, 13
Suppose -6*o = -10*o. Suppose o = r + 2*r - 12. Suppose 1 = -g + r. List the prime factors of g.
3
Suppose 0 = 2*u - 5*c + 89, 0*u - u = 2*c + 22. Let n(a) = -2*a**2 + 4*a + 7. Let h be n(5). Let j = h - u. What are the prime factors of j?
3
Suppose -765 = -9*i - 6*i. List the prime factors of i.
3, 17
Let u(y) = -y**2 + 5*y. Let j be u(5). Let n = 10 - j. Let t = -3 + n. List the prime factors of t.
7
Let g(a) = 2*a**2 + 5*a - 4. List the prime factors of g(-4).
2
Let t = 3 - -3. Suppose -3*c + 146 = -2*h, -2*c + t*c = 5*h + 197. What are the prime factors of c?
2, 3
Suppose -235 = -2*h + k - 2*k, 3*k + 15 = 0. Suppose 0 = 4*w + w - h. List the prime factors of w.
2, 3
Let w(j) = -j**3 - 5*j**2 + 8*j - 3. Let x be w(-7). Suppose -5*f = 2*z + 1, -3*z = -6*z + 5*f - x. Let t = z - -19. List the prime factors of t.
11
Let b(v) be the third derivative of -v**6/144 - v**5/40 + v**4/24 - 4*v**2. Let z(o) be the second derivative of b(o). What are the prime factors of z(-2)?
7
Let w(p) = -p**3 - 8*p**2 + 12*p + 12. Let m be w(-9). What are the prime factors of 3/m + (-56)/(-5)?
11
Suppose -3*s + 5*s = -26. Let b = -9 - s. What are the prime factors of b?
2
Let o = 39 + 7. What are the prime factors of o?
2, 23
Let f(r) = r**3 + 1. Let h(y) = -6*y**3 - 11*y**2 + 3*y + 11. Let o(l) = -5*f(l) - h(l). What are the prime factors of o(-11)?
17
Let v be 6/4*80/15. Suppose 3*d - v*d = -125. List the prime factors of d.
5
Suppose -4 = 2*t - 12, -2*b + 34 = 2*t. What are the prime factors of b?
13
Let h(c) = 5*c**2 + 8. List the prime factors of h(-7).
11, 23
Let i(z) = 14*z**2. Let w be i(-1). Suppose -5*g + 16 = -w. What are the prime factors of g?
2, 3
Let i(s) = 5*s - 47. What are the prime factors of i(24)?
73
Suppose 0 = -4*g - g + 15. Suppose 3*s = 9 - 3, -g*t + 50 = s. Suppose -p + t = p. What are the prime factors of p?
2
Let z(p) be the third derivative of -1/2*p**3 + 0*p + 0 + 1/60*p**5 - 1/24*p**4 - 2*p**2. What are the prime factors of z(4)?
3
Let m = 85 - 83. What are the prime factors of m?
2
List the prime factors of (-6)/(-4)*(-406)/(-21).
29
Let r(s) = -s**3 + 3*s**2 - s. Let l be r(2). Let f be ((-2)/1)/(4 - l). Let p = 2 - f. What are the prime factors of p?
3
Let j(r) = -r - 4. Let h be j(-4). Suppose -3*m + 9 = 0, -3*q - q - 2*m + 54 = h. What are the prime factors of q?
2, 3
Suppose 4*c - 8*c = 0. Let u(b) = -b**2 - b - 21. Let k be u(c). Let g = k - -37. What are the prime factors of g?
2
Let z be ((-3)/(-5))/(5/25). Let p be (z - 2)*15 + 0. Suppose 3 = -3*v + p, 0 = -2*o - 5*v + 40. List the prime factors of o.
2, 5
Let l(g) = 13*g**2 + g - 4. Let a(w) = -14*w**2 - w + 3. Let t(o) = 4*a(o) + 3*l(o). Let u be t(